{"id":30,"date":"2018-08-07T11:12:12","date_gmt":"2018-08-07T11:12:12","guid":{"rendered":"http:\/\/rikscha-freiburg.de\/?page_id=30"},"modified":"2024-02-16T09:23:41","modified_gmt":"2024-02-16T09:23:41","slug":"stadtrundfahrten","status":"publish","type":"page","link":"http:\/\/rikscha-freiburg.de\/?page_id=30","title":{"rendered":"Stadtrundfahrten"},"content":{"rendered":"<div class=\"entry-content\">\n<p><strong>Ob als Tourist oder Einheimischer, entdecken Sie die bezaubernde Altstadt Freiburgs mit einer Rikscha Fahrt.<\/strong><\/p>\n<p><strong>Ein kompetenter Stadtf\u00fchrer, stellt Ihnen Freiburgs sch\u00f6nste Pl\u00e4tze und Gassen vor. Entspannt k\u00f6nnen Sie die Seele baumeln lassen und Freiburgs buntes Treiben aus der Rikscha beobachten.<\/strong><\/p>\n<p><strong>Ihr pers\u00f6nlicher Rikschafahrer, stellt Ihnen M\u00fcnster, Rathaus, Augustiner-, Adelhauserplatz, Platz der alten Synagoge vor.<\/strong><\/p>\n<p><strong> Sie gleiten nahezu ger\u00e4uschlos durch malerische Gassen und erfahren ganz nebenbei etwas \u00fcber die Geschichte Freiburgs.<\/strong><\/p>\n<p><strong>Gerne geben wir Ihnen auch Tipps f\u00fcr Unternehmungen in und um Freiburg.<\/strong><\/p>\n<p><strong>Unsere kleine Altstadttour dauert 40 Minuten und kostet f\u00fcr 2 Personen oder auch 2 Erwachsene und ein Kind 45\u20ac.<\/strong><\/p>\n<p><strong>Unsere mittllere Altstadttour f\u00fchrt Sie durch die Altstadt, au\u00dferdem besuchen wir den verwunschenen alten Friedhof und den quirligen Stadgarten. Dauer 1 Stunden, Kosten 60\u20ac<\/strong><\/p>\n<p><strong>Die gro\u00dfe Stadttour: Sie erleben Freiburg Altstadt mit allen Ihren Sehensw\u00fcrdigkeiten, danach geht es durch den bezaubernden Stadtteil Wiehre zu Freiburgs einzigartigem Fluss &#8222;Dreisam&#8220;, Zentrumsnah schweben Sie an der renaturierten Dreisam entlang. <\/strong><\/p>\n<p><strong>Dauer ca. 90 Minuten, Kosten 90\u20ac.<\/strong><\/p>\n<p><strong>Bei unserer extra gro\u00dfen Stadtrundfahrt erleben Sie besuchen wir die Altstadt, die Dreisam und machen noch einen Abstecher zum Waldsee mit seinem mitten im Wald gelegenen Ausflugslokal. Zur\u00fcck geht es wieder durch den belebten Stadtteil Wiehre.<br \/>\n<\/strong><\/p>\n<p><strong>Dauer 120 Minuten, Kosten 110\u20ac<\/strong><\/p>\n<\/div>\n","protected":false},"excerpt":{"rendered":"<p>Ob als Tourist oder Einheimischer, entdecken Sie die bezaubernde Altstadt Freiburgs mit einer Rikscha Fahrt. Ein kompetenter Stadtf\u00fchrer, stellt Ihnen Freiburgs sch\u00f6nste Pl\u00e4tze&hellip;<\/p>\n","protected":false},"author":1,"featured_media":117,"parent":0,"menu_order":0,"comment_status":"closed","ping_status":"closed","template":"","meta":{"footnotes":""},"_links":{"self":[{"href":"http:\/\/rikscha-freiburg.de\/index.php?rest_route=\/wp\/v2\/pages\/30"}],"collection":[{"href":"http:\/\/rikscha-freiburg.de\/index.php?rest_route=\/wp\/v2\/pages"}],"about":[{"href":"http:\/\/rikscha-freiburg.de\/index.php?rest_route=\/wp\/v2\/types\/page"}],"author":[{"embeddable":true,"href":"http:\/\/rikscha-freiburg.de\/index.php?rest_route=\/wp\/v2\/users\/1"}],"replies":[{"embeddable":true,"href":"http:\/\/rikscha-freiburg.de\/index.php?rest_route=%2Fwp%2Fv2%2Fcomments&post=30"}],"version-history":[{"count":12,"href":"http:\/\/rikscha-freiburg.de\/index.php?rest_route=\/wp\/v2\/pages\/30\/revisions"}],"predecessor-version":[{"id":320,"href":"http:\/\/rikscha-freiburg.de\/index.php?rest_route=\/wp\/v2\/pages\/30\/revisions\/320"}],"wp:featuredmedia":[{"embeddable":true,"href":"http:\/\/rikscha-freiburg.de\/index.php?rest_route=\/wp\/v2\/media\/117"}],"wp:attachment":[{"href":"http:\/\/rikscha-freiburg.de\/index.php?rest_route=%2Fwp%2Fv2%2Fmedia&parent=30"}],"curies":[{"name":"wp","href":"https:\/\/api.w.org\/{rel}","templated":true}]}}